actor of n and i.
11
Let c be 310/4 - 2/4. Let b(n) = -n**3 - 22*n**2 - 39*n + 17. Let o be b(-20). Let z be (-6)/54*33*o. What is the highest common factor of c and z?
11
Suppose 4*o - 40*d - 51 = -37*d, 0 = -3*o - 3*d + 12. Calculate the greatest common divisor of 279 and o.
9
Suppose -18*b + 20*b = 8. Suppose 0 = f - 2, 2*f + 436 = b*t - 264. Suppose 3*q - t + 11 = 0. Calculate the greatest common divisor of q and 5.
5
Let q(t) = -t**2 - 17*t - 45. Let s = 139 - 151. Let a be q(s). What is the greatest common factor of 35 and a?
5
Let b(z) = -z**2 - 13*z - 10. Let h be b(-6). Suppose -87*l + 88*l = h. Let r = -15 - -23. Calculate the highest common divisor of l and r.
8
Let o be (12 - 0) + -2 + -1. Let i be 495 + -520 + 358 + 0. Calculate the greatest common factor of o and i.
9
Let v be (-11)/((-22)/174) + 1/1. Suppose -921 + 151 = -7*s. What is the highest common divisor of s and v?
22
Suppose -c + f + 3 = 0, 0 = 6*c - 2*c + 5*f - 3. Let w be (19 - 2 - c)*(5 - 4). Calculate the greatest common factor of 60 and w.
15
Let s(q) = 126*q + 2182. Let w be s(-14). Calculate the greatest common factor of w and 1558.
38
Suppose 5 = 5*y - k, 0 = -6*y + y + 4*k + 5. Let x be (-4 - (-90 + -4))*y. Suppose 4*u = x + 114. What is the greatest common factor of 34 and u?
17
Suppose -4*d = 4*v - 48, -2*v = -4*v + 6. Let m = 23 - d. Let b(f) = -82*f - 572. Let x be b(-7). Calculate the highest common divisor of m and x.
2
Suppose -2*q = -3*k - 272, -5*k + 12 = -8. Suppose 30*v - q = 29*v. Calculate the highest common divisor of 71 and v.
71
Suppose -7*h - 5*o + 1784 = -1239, -4*h - 5*o = -1736. Let f(v) = v**2 - 2*v + 9. Let s be f(6). What is the highest common divisor of h and s?
33
Suppose 0 = 10*m - 391 - 489. What is the greatest common divisor of 242 and m?
22
Let l(p) = -p + 24. Let s be l(20). Let n be s - (-109 - (7 + -9)). What is the highest common factor of n and 3?
3
Suppose -252 = -2*z - 4*r, 0 = -202*z + 203*z - 5*r - 119. What is the greatest common divisor of 341 and z?
31
Let l(j) = j**3 - 20*j**2 + 29*j + 17. Let y be l(19). Suppose -3*t - 3*o + 94 = -8*o, -2*t + o = -51. What is the highest common factor of y and t?
23
Let u be (594/(-88))/((-7)/1848). Calculate the greatest common divisor of u and 132.
66
Let k = -3394 + 7509. What is the greatest common factor of k and 5?
5
Let o = -16344 - -46416. What is the greatest common divisor of 56 and o?
56
Let n be (-4)/2 - (-142)/4*(-4 + 8). What is the greatest common divisor of n and 6020?
140
Let k be 1/(-2) + (-2943)/18. Let z = k - -171. Let l be 28*1*(-4)/(-8). What is the highest common factor of z and l?
7
Let p = 32 - -130. Suppose k = -42 + p. Suppose 6*n - k = n. What is the greatest common divisor of n and 24?
24
Suppose 72*s + 60*s - 111928 - 392048 = 0. What is the highest common factor of s and 46?
46
Let y(s) = -109*s - 6 - 131*s + 30*s - 20*s. Suppose -4 = -z, 2*i = 4*z - 9*z + 18. Let k be y(i). Calculate the highest common divisor of 28 and k.
28
Let y = 467 - 456. Let x(d) = 2*d**2 - 19*d + 7. Let a be x(y). Let i = 24 + -14. What is the greatest common divisor of a and i?
10
Suppose 2*c - 8 = 0, -4*n - 3278 = -7*n - 2*c. Suppose -g = -5*s + n, -6*s - 631 = -9*s - 4*g. What is the greatest common divisor of s and 21?
7
Suppose 65*i = -33*i + 196. What is the greatest common divisor of i and 822?
2
Let i(g) = 7*g**3 + 6*g**2 - 11*g - 4. Let f be i(2). Calculate the greatest common factor of f and 40.
2
Let j(i) = -8*i - 5*i + 19 - 6*i. Let c be j(-7). Suppose 4*k + k + 10 = 0, 5*y = k + c. What is the highest common divisor of 15 and y?
15
Let b(n) be the first derivative of -3 - 20*n - 50*n**2 + n + 54*n**2. Let g be b(12). Calculate the highest common divisor of g and 7.
7
Let m = -9298 + 10533. Calculate the greatest common factor of 6669 and m.
247
Let o = -270 - -272. Let h be (-64)/160 - 82/5*-1. What is the greatest common divisor of h and o?
2
Let b = 17 - 11. Let s(t) = t**3 + 4*t**2 + t + 6. Let m = 108 - 111. Let o be s(m). What is the greatest common divisor of b and o?
6
Let s = 661 - 513. Suppose -4*r + 3251 = 5*q, -2*r + 796 = 5*q - 827. Calculate the highest common divisor of r and s.
74
Suppose 2*v - 2 = j, 0 = 4*v - 2*j - 2*j - 12. Let z be 66*v/(0 + -2). Let w = -7 - -139. Calculate the highest common factor of z and w.
33
Suppose -119*f + 55*f + 1200048 = 74*f. What is the greatest common divisor of 8 and f?
8
Suppose -3*z - 5*t = -601, z = -15*t + 17*t + 182. What is the greatest common divisor of 1088 and z?
64
Suppose b - 229 = 2*b - 1087. Calculate the highest common divisor of 273 and b.
39
Let r = 6140 - 4094. Calculate the greatest common factor of r and 462.
66
Let d be (36/3 + -3)*28/3. Let m = -50 + d. Suppose -4*l + 20 = g, 2*g + 4*l + l = m. Calculate the highest common divisor of 96 and g.
12
Suppose -4*p + 56 - 44 = 0. Suppose w - 2*k - 64 = 0, 0*k + 12 = p*k. What is the greatest common factor of w and 16?
8
Let o(h) = -17*h - 259. Let z be o(-17). Let w = 9 - 3. Let t = w + 0. What is the greatest common factor of t and z?
6
Suppose -27*a + 55*a = 36260. Calculate the highest common factor of 20 and a.
5
Let g(b) = b**3 + 44*b**2 - 88*b + 234. Let a be g(-46). Calculate the highest common divisor of a and 1925.
25
Suppose 245*y - 15187 = 9313. What is the greatest common divisor of y and 10100?
100
Let h be (7 + -6)/(5/(-190)). Let j be h/(-4) + 29/58. What is the greatest common factor of j and 160?
10
Let b(q) = -2*q**2 - 34*q + 56. Let h be b(-15). Calculate the greatest common divisor of h and 986.
58
Suppose 28*b = 27*b + 2. Let t be (5 + 22)*(-1 + b). Let i = 20 + -11. What is the greatest common factor of i and t?
9
Let n(x) = -x**3 + 7*x**2 - 5*x - 2. Let a be n(4). Suppose -k + a = 10. Let y = 518 - 406. Calculate the greatest common factor of k and y.
16
Suppose -13*o = -12725 + 5042. Calculate the highest common divisor of o and 3940.
197
Let p(w) = -19*w + 162. Let r be p(6). Suppose 47*a - 45*a = r. Calculate the highest common divisor of a and 24.
24
Let k(d) = d**3 + 10*d**2 + 15*d + 4. Let l be (5 - (1 + -4)) + 1. Suppose 11*g - l*g = -16. Let c be k(g). Calculate the greatest common factor of 30 and c.
6
Let s(h) = 7*h**2 - 21*h + 30. Let k be s(8). Calculate the greatest common factor of k and 1488.
62
Let a(f) = 2*f**2 + 3*f + 1. Let l be a(5). Let i(t) be the second derivative of 22*t**3/3 + 15*t. Let d be i(1). What is the highest common divisor of d and l?
22
Let w be (56/(-70))/(1/(-5)). Suppose 3*y - 642 = -3*r, 7*r - w*r - 3*y = 618. What is the highest common factor of 60 and r?
30
Let p(w) = -11*w - 31. Let h be (3 - (0/1 - -3)) + -9. Let z be p(h). Suppose z = 2*n + 2*f, n - 5*n + 130 = f. Calculate the highest common factor of n and 8.
8
Suppose 0 = 2*i - 8, 5*d + i - 275 = -51. What is the highest common factor of d and 3245?
11
Let a(h) = -42*h - 34. Let q be a(-1). Let p be (q - 17)/(3/(-7)) + 1. What is the greatest common factor of p and 187?
11
Let h(f) = 21*f - 5. Let c be h(5). Suppose -10*v + 0 = -c. What is the highest common factor of 80 and v?
10
Let a = 596 - 592. Suppose 0 = a*o + b - 211, -2*o - 2*b = -0*o - 110. What is the greatest common factor of 221 and o?
13
Suppose 195*h - 20800 = -65*h - 0*h. Let w be (2/(-5))/((-1)/50). What is the highest common factor of h and w?
20
Let b = -7032 - -7944. Calculate the greatest common factor of 48 and b.
48
Let u(b) = -6*b + 73. Suppose -2*y = -0*g + 5*g - 30, -3*y + 17 = 4*g. Let v be u(g). Calculate the highest common divisor of v and 100.
25
Suppose -4*o = 10*c - 12*c + 20, -c - 3*o + 20 = 0. Suppose -h + 6 = -c. Let i = 524 - 364. Calculate the greatest common factor of i and h.
20
Let n be 80/(-30)*(-23 + 2). Let i = 26 + -78. Let q = -36 - i. What is the greatest common divisor of n and q?
8
Let s(d) = -d**2 + d + 111. Let u be s(10). Calculate the highest common factor of 183 and u.
3
Let j = 1221 + 1989. Calculate the greatest common divisor of j and 60.
30
Let x be (-320)/2*20/75*-33. What is the greatest common factor of 22 and x?
22
Suppose 6*v - 1772 = 2*v. Let m = 785 - v. Let t = 1721 - 1683. Calculate the highest common divisor of m and t.
38
Let j = 108 + 134. Let r(f) = -f**3 + 9*f**2 - 8*f + 7. Let y be r(8). Suppose q + y*q = 